62536 + -4?
-1662543
In base 16, what is -13 + 19c?
189
In base 8, what is 53131 - 43?
53066
In base 6, what is -11003 + 1331?
-5232
In base 4, what is 1311 - 3023?
-1112
In base 9, what is 5257 + -111?
5146
In base 14, what is -4c9 + -853?
-d3c
In base 16, what is -5760 + -3?
-5763
In base 6, what is -555123 + 15?
-555104
In base 16, what is 24 + 24ca?
24ee
In base 15, what is 2 - -2124?
2126
In base 11, what is 4 - 74773?
-7476a
In base 11, what is 3749 + -45?
3704
In base 4, what is -23201 + -211?
-30012
In base 3, what is 20 - -1102022?
1102112
In base 16, what is -23 + 1cb?
1a8
In base 15, what is 7d3a + -13?
7d27
In base 9, what is -636 + 163?
-463
In base 13, what is -311 + 439?
128
In base 9, what is 322546 + 2?
322548
In base 10, what is 37 + 43?
80
In base 16, what is -12c - 1c9?
-2f5
In base 7, what is 0 - 144025?
-144025
In base 8, what is 367520 - -26?
367546
In base 13, what is 3 - -12a715?
12a718
In base 12, what is a - 88a?
-880
In base 10, what is 363 + -688?
-325
In base 6, what is 4 + -13543120?
-13543112
In base 11, what is 4024 + -8?
4017
In base 7, what is -1456614 + -25?
-1456642
In base 3, what is -112010 + -20202?
-202212
In base 15, what is 174 + -2cd?
-159
In base 11, what is -231a + 150?
-217a
In base 3, what is -12 - 12100201120?
-12100201202
In base 12, what is -7551 - 0?
-7551
In base 10, what is 3 + -464?
-461
In base 5, what is -2123 + 111013?
103340
In base 16, what is 3b3 - -4f1?
8a4
In base 11, what is -8487 + -3?
-848a
In base 4, what is 1300321 + 302?
1301223
In base 12, what is 32 + -17603?
-17591
In base 10, what is 101 + 39?
140
In base 5, what is 1 + 1001002?
1001003
In base 6, what is 110435 + 202?
111041
In base 4, what is 130 + 1313111?
1313301
In base 10, what is 130 + 3439?
3569
In base 4, what is 32211 + -3310?
22301
In base 12, what is 1080 - 5?
1077
In base 7, what is 1624 - 1562?
32
In base 16, what is -158 - 38ed?
-3a45
In base 14, what is -664d2 + 5?
-664cb
In base 9, what is -365428 - -22?
-365406
In base 12, what is b8 + 3654?
3750
In base 9, what is 2406 - -54?
2461
In base 15, what is 3 - -14514?
14517
In base 9, what is -2 - -2053?
2051
In base 9, what is 0 + -183172?
-183172
In base 2, what is -1001001110000000000 - 11?
-1001001110000000011
In base 14, what is 2d - -3ca1?
3cd0
In base 5, what is 111 + -4204?
-4043
In base 13, what is 7ca + 1?
7cb
In base 15, what is 0 - 19b?
-19b
In base 6, what is 31 - 2511?
-2440
In base 2, what is 1000100011011 - 100110?
1000011110101
In base 9, what is 14 - -582?
606
In base 5, what is 21 + 13303?
13324
In base 13, what is -a4b1 - -5?
-a4a9
In base 6, what is -55143 + -51?
-55234
In base 5, what is 3 + -22330231?
-22330223
In base 14, what is -c12 - 3b?
-c4d
In base 11, what is -1 + 855399?
855398
In base 14, what is 4 + -1d158?
-1d154
In base 5, what is 234340 - -24?
234414
In base 11, what is 1 + -62798?
-62797
In base 2, what is -10000010001011 + 11110000?
-1111110011011
In base 16, what is 302 + -4a?
2b8
In base 4, what is -1013211200 + 2?
-1013211132
In base 4, what is -12232012300 - -1?
-12232012233
In base 5, what is 100302213 - 0?
100302213
In base 9, what is 67 - -3542?
3620
In base 8, what is 27 - -21?
50
In base 6, what is 4 + 1040044?
1040052
In base 6, what is 5 + 2014410?
2014415
In base 3, what is -12220 + -1201122101?
-1201212021
In base 5, what is -4 + -30240?
-30244
In base 10, what is 30396 + -3?
30393
In base 12, what is 728 - -5?
731
In base 14, what is -12 - 64d?
-661
In base 13, what is a7757 + -2?
a7755
In base 2, what is -110001100001011010 - 10000?
-110001100001101010
In base 16, what is f534b - -2?
f534d
In base 11, what is -602705 - -5?
-602700
In base 7, what is 133 - 433205?
-433042
In base 6, what is 342 + -112?
230
In base 6, what is 0 + -21324010?
-21324010
In base 2, what is -11 - -10111110110110?
10111110110011
In base 5, what is -2121100 + -23?
-2121123
In base 13, what is 14003 - 0?
14003
In base 8, what is 6235574 - -5?
6235601
In base 2, what is -10101 - -110101001110?
110100111001
In base 7, what is -112506 - -10?
-112466
In base 16, what is -5a4 - a?
-5ae
In base 9, what is 7 + -1048743?
-1048735
In base 2, what is -1010011100000010 + -1010?
-1010011100001100
In base 16, what is -2 + -4c69f?
-4c6a1
In base 3, what is -1210111121120 - -11?
-1210111121102
In base 2, what is 11101 + 11010100010000?
11010100101101
In base 11, what is -577 - -21?
-556
In base 11, what is -30 + 495?
465
In base 2, what is -1011 - 1100101000110?
-1100101010001
In base 13, what is -2 + -373a0?
-373a2
In base 10, what is 10 + -25370?
-25360
In base 12, what is a2 + -445?
-363
In base 16, what is 3 + 2bd4?
2bd7
In base 10, what is -1 + 41351?
41350
In base 12, what is 1b44 + -7?
1b39
In base 15, what is 41 + -2a2?
-261
In base 10, what is -4 - -7002?
6998
In base 3, what is -1002112002 - -10112?
-1002101120
In base 13, what is -47 - 314?
-35b
In base 16, what is -9d + -1296?
-1333
In base 3, what is -200001 - 200002?
-1100010
In base 9, what is -3 + 537853?
537850
In base 10, what is 5 + 17114?
17119
In base 2, what is -110111011010 - -1010?
-110111010000
In base 8, what is 670 + 166?
1056
In base 5, what is 1 + -4120404?
-4120403
In base 4, what is 1013 - 11300?
-10221
In base 12, what is 774 - 47?
729
In base 4, what is -20023230 + 2?
-20023222
In base 9, what is -2 - -1275036?
1275034
In base 11, what is -6555 + -79?
-6623
In base 13, what is -172b - -30a?
-1421
In base 9, what is -6 - 6606?
-6613
In base 2, what is 1000001011011111 + 101?
1000001011100100
In base 8, what is -20 - -76651?
76631
In base 9, what is -15688 - 11?
-15710
In base 16, what is -5 - e3b9?
-e3be
In base 11, what is 3846 - 1?
3845
In base 16, what is fc21 + 0?
fc21
In base 4, what is 233 + 222111?
223010
In base 9, what is 2 + 1567331?
1567333
In base 16, what is 0 - -272f?
272f
In base 15, what is -265 - 2?
-267
In base 12, what is -1 - a2a21?
-a2a22
In base 9, what is 44 + 242812?
242856
In base 4, what is -120232302 - 20?
-120232322
In base 6, what is 53344 + 252?
54040
In base 2, what is 1000 + 1001001011000110?
1001001011001110
In base 2, what is -1000010100000110111101 + -10?
-1000010100000110111111
In base 9, what is 50145 - 4?
50141
In base 4, what is -13220012303 - 1?
-13220012310
In base 8, what is 274 + -1157?
-663
In base 4, what is -11 - 221?
-232
In base 13, what is -c - 9313?
-9322
In base 12, what is 9a273a - 3?
9a2737
In base 15, what is -185a + -36?
-1891
In base 16, what is -213f - -d?
-2132
In base 7, what is -5 + -230505?
-230513
In base 8, what is -5424 + -17?
-5443
In base 3, what is -1101 - -210222?
202121
In base 9, what is -325 - -7807?
7472
In base 12, what is -282 - -2026?
1964
In base 7, what is 626141 + -1?
626140
In base 2, what is 1001110 + 10000010100?
10001100010
In base 14, what is -32c27 - 1?
-32c28
In base 7, what is -6426 - -56?
-6340
In base 15, what is -3711 - 9?
-371a
In base 14, what is 142 + -521?
-3bd
In base 7, what is -1 + 445631?
445630
In base 4, what is 12033 - 31?
12002
In base 2, what is -100 - 1011011011011011?
-1011011011011111
In base 11, what is -10925 - 108?
-10a32
In base 13, what is -2cc0 - 45?
-3035
In base 6, what is -1 + 103204?
103203
In base 7, what is -1 + -16566?
-16600
In base 16, what is 2 + 3239a?
3239c
In base 8, what is -426 + 201?
-225
In base 15, what is -48b + -16b?
-607
In base 12, what is -7 - 8588?
-8593
In base 5, what is -10040413 + 2?
-10040411
In base 8, what is -7726 + -3?
-7731
In base 6, what is 15252 - 3350?
11502
In base 7, what is 325053 - -5?
325061
In base 14, what is c4 - 1a1b?
-1937
In base 11, what is 514 + 110?
624
In base 10, what is 31 - -5?
36
In base 12, what is 4 - 63b6?
-63b2
In base 3, what is -21220111 + 11021?
-21202020
In base 12, what is -17 + -4133a?
-41355
In base 11, what is -21a3 + -1245?
-3438
In base 5, what is -13122411 + 3?
-13122403
In base 13, what is 19 + 1c7?
213
In base 7, what is -2462331 + -5?
-2462336
In base 11, what is -4 - 4aaa?
-5003
In base 12, what is 3 - -1889b?
188a2
In base 12, what is -3518 + 63?
-3475
In base 15, what is 0 - 10b7a?
-10b7a
In base 13, what is 3 - 159475?
-159472
In base 16, what is 5c76a + 5?
5c76f
In base 15, what is 5 + 36c6?
36cb
In base 12, what is 8 - 11b4a4?
-11b498
In base 2, what is 101 + -101010000001?